?
191
Suppose -12 = -5*i + 38. Suppose i*x = 11*x + 44. Let l = -25 - x. What is the remainder when l is divided by 7?
5
Let a = 111 + -243. Let i = 98 + a. Let u = -12 - i. What is the remainder when u is divided by 8?
6
Let d(i) be the third derivative of i**5/60 - 13*i**4/24 + 7*i**3/3 - i**2. Let a(r) = 73*r + 375. What is the remainder when a(-4) is divided by d(13)?
13
Let q(p) = p**3 + 7*p**2 + 4*p - 3. Let m be 5 - -2*(-2)/4. Suppose 3*c - 2*s - 129 = -s, -4*s - 164 = -m*c. What is the remainder when c is divided by q(-6)?
8
Let c = 151 - -78. What is the remainder when c is divided by 1219/159*6/2?
22
Let g(z) = -58*z**2 - 10008*z + 4518. Suppose 4*u = 5*u - 478. What is the remainder when u is divided by g(-173)?
18
What is the remainder when ((-294588)/(-44))/1 + (-2 - (-120)/66) is divided by 15?
5
Suppose -3*w + 134 = 5*x - 0, -5*w + 5*x + 250 = 0. Calculate the remainder when 166 is divided by w.
22
Let s(c) = -4*c**3 + 3*c**2 + 15*c - 44. Let b be s(4). Let z = 586 + b. What is the remainder when z is divided by 11?
9
Let c = 602 - 531. Suppose -c*r + 61*r + 630 = 0. What is the remainder when r is divided by 8?
7
Suppose -17 = 8*v + 9*v. Calculate the remainder when (5 + 3/v)*345/2 is divided by 58.
55
Suppose -92*r = 20*r - 512*r + 4780000. Calculate the remainder when r is divided by 278.
274
Let z = -3276 - -3577. Calculate the remainder when z is divided by 219.
82
Let b = -3815 + 4818. What is the remainder when 3021 is divided by b?
12
Suppose -162*a = -181*a + 304. Let u(b) = -b**2 + 11*b - 8. Let f be u(8). What is the remainder when a is divided by (-4)/f*-10*4?
6
Let q(p) = p + 7 - 3 + 2. Let i be q(-3). Calculate the remainder when (i - (-51)/(-9))*9/(-6) is divided by 3.
1
Suppose 0 = h - 2*v, 3*h + 0*v - 5*v + 5 = 0. Suppose 0 = 7*i - 4*i - 108. Calculate the remainder when (201/15)/(8/h - -1) is divided by i.
31
Let y = -278 - -274. Let s(z) = 3*z**2 + 7*z + 7. Calculate the remainder when 103 is divided by s(y).
22
Suppose 24 = 21*u - 15*u. Suppose u*i = -5*q + 241 + 174, i + 5 = 0. What is the remainder when q is divided by 25?
12
Let q = 6737 - 6702. What is the remainder when 2259 is divided by q?
19
Let j = 95 - 86. Let i(p) = 4*p**2 - 24*p + 27. Calculate the remainder when i(j) is divided by 35.
30
Let z(u) = u**3 + 22*u**2 - 12*u + 48. Let k be z(14). What is the remainder when (-4)/(-10) - k/(-85) is divided by 5?
2
Let r(t) = t**3 - 5*t**2 + 3*t + 6. Suppose -18 = -5*v - 3. Let g(x) = 51*x - 50. What is the remainder when g(v) is divided by r(5)?
19
Let u be 19/((-532)/(-288)) + (-4)/14. Suppose u = 139*j - 137*j. What is the remainder when 7 is divided by j?
2
Let q(b) = -17*b**3 + b**2 + 2*b + 1. Let s(a) = 2153*a**3 - a + 2. Let h be s(1). Suppose 21*m - h = -432. What is the remainder when m is divided by q(-1)?
14
Suppose 3*n + 5*n = 3*n. Suppose -14*u + 19*u - 560 = n. What is the remainder when u is divided by 5?
2
Suppose 2*p + 2*p = 52. Let j(h) = -5*h + p - 13. What is the remainder when j(-3) is divided by 6?
3
Suppose 7*y = 5*p - 630 + 806, -165 = -4*y - 3*p. Suppose v + 22 = 3*v. Calculate the remainder when y is divided by v.
0
Let y = -115 + 126. Suppose y*s - 10*s = 91. What is the remainder when s is divided by 40?
11
Let s be -1*(-6 + 2 + -8 + 12). Suppose s*d = -10*d + 820. Calculate the remainder when 171 is divided by d.
7
Let v = 1461 + -1423. What is the remainder when 151 is divided by v?
37
Suppose 64*n + 64 = 3*m + 62*n, 4*m - 67 = -n. Calculate the remainder when 1591 is divided by m.
7
Suppose -95*b + 38788 = 8958. Calculate the remainder when b is divided by 4.
2
What is the remainder when 27 + -34 + -3*(-20)/6 is divided by 2?
1
Let n = 41041 + -34945. What is the remainder when n is divided by 13?
12
Suppose 10*o = 8*o. Suppose 6*z - 8*z - 102 = o. Let v = -37 - z. Calculate the remainder when v is divided by 8.
6
Let k = -145 + 97. Let d = k + 63. Let y(i) = -2*i**2 + 30*i + 2. What is the remainder when 23 is divided by y(d)?
1
Suppose 0 = -4*v + 4*a + 81 - 21, 2*v - 45 = 5*a. Suppose -8*f + 5*f + 159 = 0. What is the remainder when f is divided by v?
3
What is the remainder when ((-4)/(-3))/((-8)/(-120)) is divided by 93/6 - (-7)/(-14)?
5
Suppose -4*g + 35449 = 100*d - 97*d, 0 = -2*d - g + 23621. What is the remainder when d is divided by 164?
163
Suppose -3 = -6*f - 9. Calculate the remainder when 56 is divided by 64/16 - 5/f.
2
Let f(w) = w**3 - 5*w**2 - 3*w - 19. Let x be f(6). Let i = 84 - 60. Calculate the remainder when (0 - -3)/(2 + x)*15 is divided by i.
21
Suppose 3*r - 22 = -4. Let w = 65 - r. What is the remainder when w is divided by 16?
11
Let g = -572 + 744. Let f = 210 - g. Calculate the remainder when 301 is divided by f.
35
Let l be 3/9 - (-261)/27. Suppose 12*i = -l*i + 4092. What is the remainder when i is divided by 47?
45
Let a(t) = 194*t**3 + 13*t**2 - 7*t - 7. Calculate the remainder when a(1) is divided by 147.
46
Let u be 16/(-24) + (-10)/3. Calculate the remainder when 146*2/(-16)*u is divided by 1 - (-872)/36 - (-12)/(-54).
23
Let i(v) = 196*v**3 + 2*v**2 + v - 2. Let t be i(1). Suppose 2*h + 25 = t. Let s = -73 + h. What is the remainder when 30 is divided by s?
4
Suppose 19 = -3*q - 2*i + 316, 4*q - 3*i - 396 = 0. Calculate the remainder when 122 is divided by -1 - (14/21)/((-3)/q).
17
Suppose 3*l - 5*p - 6235 = 0, -3*l + 22*p - 21*p = -6227. Calculate the remainder when l is divided by 230.
5
Suppose 1114 - 1622 = -294*n + 2432. Let p be 14/6 + (-2)/6. Suppose -6 = -0*m - 2*m, p*z - 173 = m. What is the remainder when z is divided by n?
8
Let y = 575 - 548. Suppose -g - 71 = -3*p + 135, 3*p + g = 214. Suppose 22*d = y*d - p. Calculate the remainder when 111 is divided by d.
13
Let z(f) = -f**3 + 6*f**2 - 3*f + 6. Let q = -7 + 12. Calculate the remainder when z(q) is divided by (1/3)/(2150/(-270) - -8).
7
Suppose 3*y - 10570 = -2*r, -20 = 85*r - 80*r. What is the remainder when y is divided by 126?
124
Suppose 5*z - 744 = 6*a, 2*a = -1354*z + 1357*z - 464. Let s(d) = 2*d**2 - 9*d + 6. Calculate the remainder when z is divided by s(6).
18
Suppose 20 = -4*n, 2*n = -4*z - 0*n + 394. What is the remainder when 698 is divided by z?
92
Let m(w) = 3*w**2 - 147*w - 217. Let k = -89 + 154. Calculate the remainder when m(52) is divided by k.
56
Let w = -1261 - -1319. Calculate the remainder when w is divided by 13.
6
Let x be -1 + 4/(24/1266). Suppose 55*k - 48*k = x. What is the remainder when 119 is divided by k?
29
Suppose 425 - 5355 = -5*w + b, 5*w - 4950 = 5*b. What is the remainder when w is divided by 76?
73
Suppose -2*z - 4*k + 22 = 0, -7*z - 55 = -12*z + 4*k. Suppose -j + 16 + z = 0. What is the remainder when j is divided by 4?
3
Suppose 3*i + 3*n = 39, 4*i = 2*n + 35 - 7. Let s be ((-3)/(-12) + -3)*-4. Suppose -5*b + 0 + 19 = p, 5*b = p + s. What is the remainder when i is divided by b?
0
Suppose -16017 + 20545 = 63*j - 38627. Calculate the remainder when j is divided by 323.
39
Let x(b) = -626*b**3 + 16*b**2 + 28*b + 2. Calculate the remainder when x(-3) is divided by 14.
10
Suppose 26*r = 1260 - 142. Suppose -r*o - 161 = -66*o. Suppose 0*x + 36 = 3*x. Calculate the remainder when x is divided by o.
5
Let y(k) = -2*k**3 + 3*k**2 - 2*k + 4. Suppose 0 = -2*h - 6*g + 150, -2451*h - 5*g + 189 = -2448*h. What is the remainder when y(-4) is divided by h?
44
Suppose -2*n + 5 = 3*n + l, -2*n + 4*l = 20. Suppose n = -24*k + 29*k + 20. Let h(g) = -g + 8. Calculate the remainder when 31 is divided by h(k).
7
Let v = 1197 - 998. What is the remainder when v is divided by (4 + 10/(-2))/((-1)/25)?
24
Let w(b) be the first derivative of -b**4/4 + 8*b**3/3 + 4*b**2 + 21*b + 20. What is the remainder when w(-5) is divided by 28?
26
Let n(d) = -d**3 - 6*d**2 - d - 1. Let g be n(-6). Let j = -3 + g. Let r(a) = a**2 + 254*a + 15558. What is the remainder when r(-103) is divided by j?
1
Let o(j) = j**2 - 47*j + 239. Let d be o(7). Let s(n) = n**3 + 41*n**2 - n - 30. Calculate the remainder when 87 is divided by s(d).
10
Suppose 22*t - 1292 - 2448 = 0. Suppose -6*k + t = -616. What is the remainder when k is divided by 35?
26
Let q be (-368)/(-14) + (-4)/14. Let g(z) = 2*z**2 - z - 52. Let c be g(7). Let b = c + q. Calculate the remainder when b is divided 